he prime factors of u?
5
Let w = 5 - 8. Let l be (-5)/(-5)*(1 - w). Let q = l - 1. List the prime factors of q.
3
Let b(t) = t**2 + 22*t + 14. What are the prime factors of b(-24)?
2, 31
Suppose -5*t + 5*d - 10 = 0, -3*t + 2 = -2*d + 5. Suppose r - 16 - t = 0. What are the prime factors of r?
17
Let p be (-19 + 1)*3/6. Let y = 7 - p. What are the prime factors of y/2 - (2 - 1)?
7
Let t(x) = -2*x - 32. What are the prime factors of t(-18)?
2
Suppose 0 = 2*b + 2*b - 64. List the prime factors of b.
2
Suppose -6*s = -41 - 121. List the prime factors of (-8)/6*s/(-2).
2, 3
Let q be (-4)/10 - 210/(-25). Let j = q + 2. List the prime factors of j.
2, 5
Let l(k) = 19*k**2 - 1. Let g be l(1). Let d = g - 7. Let h = d - 3. What are the prime factors of h?
2
Let u = -6 + 8. Let o(w) = 1 + u*w**2 + w**3 - 5*w - 2*w + 2*w**2. List the prime factors of o(-5).
11
Suppose 5*d + 5*j - 75 = 0, 67 = 4*d - 4*j + j. List the prime factors of d.
2
Let y(h) = -45*h - 13. List the prime factors of y(-7).
2, 151
Let v be 2/(-8) + 4085/20. Suppose 3*z = -z + v. Suppose -s = -4*s + z. What are the prime factors of s?
17
Let z(u) = u**2 + 9*u - 4. List the prime factors of z(-13).
2, 3
Let u(v) = 23*v. Let g(x) = 46*x. Let n(d) = -4*g(d) + 7*u(d). Let a be n(-1). Suppose 4 = 3*c - a. List the prime factors of c.
3
Let i = -59 + 111. What are the prime factors of i?
2, 13
Let c = -6 - -8. Let w(j) = 2*j**3 - 2*j**2 + 3*j - 1. List the prime factors of w(c).
13
Suppose 2*y + 46 - 138 = 0. What are the prime factors of y?
2, 23
Suppose o - 2*o = -2*f - 26, -5*f = -o + 26. What are the prime factors of o?
2, 13
Suppose -5*f = -2*x - 2 - 2, 2*x + 4 = f. Let v be (-8 + f)*1/2. Let y(k) = k**3 + 4*k**2 - 2*k + 2. What are the prime factors of y(v)?
2, 5
Let p(g) = 6*g**2 - g - 2. What are the prime factors of p(3)?
7
Let m(q) = -6*q. Let y be m(-5). Suppose -36 = 3*s + y. Let v = -12 - s. List the prime factors of v.
2, 5
Suppose 3*h + 0 = -48. Let a = h - -8. List the prime factors of (a/12)/((-2)/15).
5
Let m = 12 + 68. Suppose -2*o - 8 = -m. What are the prime factors of o?
2, 3
Let g be (-344)/(-40) + 2/5. List the prime factors of 1 + (-3)/1 + g.
7
Let c(m) = 33*m + 1. List the prime factors of c(1).
2, 17
Suppose -5*t - 10 + 0 = -g, -g + 4*t + 7 = 0. List the prime factors of g*-6*(-16)/(-60).
2
Suppose -2*g + 36 = 2*g. List the prime factors of g.
3
Suppose 0 = r - 1. Let b be (r/(1/4))/2. Suppose 45 = b*g + g. What are the prime factors of g?
3, 5
Let j(u) = u - 15. Let g(h) = h - 14. Let n(k) = -3*g(k) + 2*j(k). What are the prime factors of n(-6)?
2, 3
Let w be (15/10)/((-6)/(-8)). Let y = w - 0. What are the prime factors of y?
2
Let s(i) = 4*i - 3*i + 3 - 9 + 0*i. List the prime factors of s(11).
5
Suppose 0 = 4*t - 3 - 5. Suppose -5*y + 55 = 3*m - 4*y, -3*m - t*y + 50 = 0. What are the prime factors of m?
2, 5
Let i = 2 + 0. Suppose i*t - 4*t + 70 = 0. Let d = t + -25. List the prime factors of d.
2, 5
Let q(l) = -l**3 - 8*l**2 - 15*l - 15. List the prime factors of q(-6).
3
Let i = -8 - -12. Suppose i*g = -g. Suppose -s = 3*f - 25, 2*f = -g*f + 4. What are the prime factors of s?
19
Suppose 160 = -2*q + 6*q. What are the prime factors of q?
2, 5
Let n(b) be the second derivative of b**3/6 - 2*b**2 + b. List the prime factors of n(10).
2, 3
Let z(l) = -l + 4. Let g be z(2). Suppose g*d - 6 = -d. What are the prime factors of d?
2
What are the prime factors of 3/(-4) - (-259)/4?
2
Suppose 0 = 2*a - 2*z - 324, -4*a + 5*a - 3*z - 170 = 0. What are the prime factors of a?
2, 79
Let y be -2 - (-3 + 6/(-3)). Suppose 0*a + y*a - 9 = 0. Suppose -a*p + 7*p + c - 19 = 0, -p + 16 = -2*c. What are the prime factors of p?
2, 3
Let l be (-2)/11 + (-138)/(-33). Let t be 48/9 + l/6. Suppose 9 + t = 3*q. What are the prime factors of q?
5
Suppose -j - 4*j + 126 = 2*x, -4*j + 105 = 3*x. What are the prime factors of j?
2, 3
Suppose 3*p - 89 = -r, -r = -5*r + 5*p + 271. Let w = r - 49. What are the prime factors of w?
5
Let v(d) = -1 - 2*d + 6*d - 1. Let c be v(-2). Let p = -4 - c. List the prime factors of p.
2, 3
Suppose -131 - 43 = -3*g. What are the prime factors of g?
2, 29
Let f = -143 + 242. Let z = f - 69. List the prime factors of z.
2, 3, 5
Let l(g) = -g**3 - 10*g**2 + 3*g + 2. What are the prime factors of l(-11)?
2, 3, 5
Let o = 169 + -121. List the prime factors of o.
2, 3
Suppose 59 = 2*j - 89. What are the prime factors of j?
2, 37
Let g = 17 + -98. What are the prime factors of (g/45)/(2/(-50))?
3, 5
Let n = -24 + 54. What are the prime factors of n?
2, 3, 5
Let l(f) = f**3 - 3*f**2 + f + 2. Let v be l(3). Suppose -2*a = v - 11. Suppose a*b - 48 = -b. What are the prime factors of b?
2, 3
Suppose 2*a + 14 = b - 3*b, -31 = 5*b + 4*a. Let h(i) = 3*i**2 - i - 2. What are the prime factors of h(b)?
2, 7
Let d(w) = 24*w**2 + w - 2. Let y be d(2). What are the prime factors of 20/6*y/20?
2
Suppose 2*r - 6 = 4*r + 5*u, 5*u + 18 = 4*r. Suppose r*j = j + 31. List the prime factors of j.
31
Let o(f) = -3*f + 18. List the prime factors of o(-15).
3, 7
Let a(h) = h + 61. List the prime factors of a(0).
61
Let j(l) = l**2 + 2*l - 5. Let f be j(-4). Suppose f*m + 5*i - 12 = 0, -4*m + 2 = -4*i - 14. What are the prime factors of m?
2
Let w(q) be the second derivative of -q**5/20 - q**4/4 + q**3/6 - q**2/2 + 5*q. Let h be (1 - (1 + 0)) + -4. List the prime factors of w(h).
11
Suppose 3*j - 27 = d - j, 4*d + 3*j = -32. Let o = d - -33. List the prime factors of o.
2, 11
Let y(g) = -g**2 - 8*g + 4. Let u be y(-8). Suppose -u*l - 3*x = -30, 0 = -5*l - 3*x + x + 41. List the prime factors of l.
3
Let s(h) = h**3 + 11*h**2 + 4*h - 1. List the prime factors of s(-10).
59
Let z = 101 + -26. What are the prime factors of z?
3, 5
Let p(g) = 5*g - 3. Let m(b) = -9*b + 7. Let s(i) = 2*m(i) + 5*p(i). List the prime factors of s(2).
13
Let y(r) be the second derivative of -r**4/12 + 5*r**3/6 - 2*r**2 + 2*r. Let d be y(4). Suppose 3*k - 63 + 24 = d. List the prime factors of k.
13
Suppose -60 = -7*w + 3*w + f, w - 3*f = 4. List the prime factors of w.
2
Let v = 4 + 1. Let h = 8 - v. Suppose q + 4*k = 0, -2*q - 4*k - 32 = -h*q. What are the prime factors of q?
2
Let h(b) = -b**2 - 6*b - 3. Let t be h(-6). Let u(k) = -6*k + 1. What are the prime factors of u(t)?
19
Let a(f) = -31*f + 50. List the prime factors of a(-11).
17, 23
List the prime factors of (56/7)/(1/2).
2
Let z(s) = s - 3. List the prime factors of z(6).
3
Let u = -4 + 15. Suppose 0 = -3*t - 5*r + 2*r + 27, -5*r - u = -3*t. List the prime factors of t.
7
Let h = 44 - -33. What are the prime factors of h?
7, 11
List the prime factors of (2/(-2) + 6)/((-4)/(-16)).
2, 5
Let m be (-2*1 - -1) + 3. Suppose -5*y = m*s + 23, 16 = -2*s + 3*s - 3*y. Suppose n = -2*u - s, -3*u + u = -n + 11. What are the prime factors of n?
5
Let h(i) = -i**2 + 4*i + 8. Suppose 8 = 5*g - 22. Let s be h(g). What are the prime factors of (-5 - s)*10/(-1)?
2, 5
Let r be 21/(-6) - 2/(-4). Let b be 45/6*(-4)/r. Suppose -2*g + b = -g. What are the prime factors of g?
2, 5
Let d(x) = 0*x - 3 + 4 - x + 7. Let w be d(6). List the prime factors of (1 - -1)/(w/3).
3
What are the prime factors of 4/18 - (-10600)/90?
2, 59
Let w(p) = p**2 - 4*p - 1. Let t be w(5). Let i = 12 - t. List the prime factors of i.
2
Let j(u) = 2*u + 6. Let o be j(-6). Let b be 3/9*o/(-2). List the prime factors of -10*b/(-3 - -2).
2, 5
Let y = 10 - 1. Let f be -2 - (-75)/(y/3). Suppose -7 = 2*g - f. What are the prime factors of g?
2
Let l(h) = -2 - 1 + 5*h - 1. What are the prime factors of l(3)?
11
Let s be (-68)/(-18) + (-4)/(-18). Suppose 0 = s*w - 21 - 3. List the prime factors of w.
2, 3
Let p(m) = 7*m + 8. List the prime factors of p(11).
5, 17
Suppose 4*u = 9 + 7, -4*z - u = -184. What are the prime factors of z?
3, 5
Let w = 3 - -1. Suppose -36 = -0*x - w*x. Let p(g) = -g**3 + 9*g**2 + g. What are the prime factors of p(x)?
3
Let l(x) = x - 6. Let p be l(0). Let k = p - -8. What are the prime factors of k?
2
Let y = 22 + 26. What are the prime factors of y?
2, 3
Let l be (-95)/(-15) + (-4)/(-6). Let u = -1 + l. List the prime factors of u.
2, 3
Let p be (6/(-4))/(15/20). Let m = p + 5. What are the prime factors of m?
3
Suppose -4*j + 3*u + 505 = 0, -4*j - 3*u + 4*u + 515 = 0. List t